- -1) - 4?
4
Calculate 7 - (-9 - (-7 + -9 + 6)).
6
What is the value of -18 + 20 + (1 + -1 - 5) + -1?
-4
(-16 - -6) + -12 + 47
25
Evaluate 2 - -1 - (-33 + 15 + 31) - -12.
2
What is 10 + -7 - (-7 + -1) - 3?
8
What is the value of 5 + 8 + -6 + 1 + 0 - -1?
9
Calculate -1 + -1 + 6 + 3.
7
Evaluate 17 - (10 - ((12 - -3) + 13)).
35
What is the value of (-432 - -410) + (-1 - -42)?
19
Evaluate -7 - (-4 - (20 + -15)).
2
Calculate (-19 - (-2 - -14 - 24)) + (1 - 9).
-15
-8 + 2 - (13 + (-10 - 9)) - -3
3
What is the value of ((2 - 8) + 7 + -7 - -3) + 18?
15
-25 + 18 + 14 - ((0 - 3) + 13)
-3
What is the value of (9 - (3 + (-3 - -3) + 2)) + -15?
-11
What is the value of -5 + (-3 - (-1 + 7) - (-13 - -7))?
-8
(-2 - -8) + (4 - 2)
8
What is the value of -10 - (-8 - (-7 - (5 - 8)))?
-6
What is (31 - -6) + (-11 + 5 - 7)?
24
What is -17 + 5 + 22 + -19?
-9
1 + 20 - (11 + -2)
12
Evaluate 3 - 0 - ((1 - 18) + (622 - 603)).
1
Calculate 7 + (-3 + 11 - (27 + -3)) - 3.
-12
What is (7 + -14 - 1) + 26 + -6?
12
What is the value of (-31 - -57) + (-46 - -2)?
-18
What is the value of -2 - 3 - (-31 - -53)?
-27
-30 - -18 - -23 - 26
-15
What is 101 + -84 + (-19 - 0)?
-2
Evaluate 1 + -6 + 1 - (-24 - -51 - 32).
1
Evaluate 38 - (1 + (-3 + 0 + -6 - -20)).
26
Calculate 2 - (5 + -6 + -7 + 5).
5
What is the value of -8 + 3 + (-2 - 4) + (-2 - 5)?
-18
What is 24 + -38 + 19 + -3?
2
What is -13 - (-1 - (8 + -3 - 0))?
-7
What is the value of 19 - (-11 + 25) - -3?
8
-10 - 1 - (92 - 105)
2
Calculate -12 + (8 - 8 - -2).
-10
What is (-38 - -41) + (-23 - (1 - 8))?
-13
26 + 20 + (-55 - -18)
9
(-30 - -43) + (3 - 25)
-9
0 + (3 - 18) - (-50 - -50)
-15
Calculate 1785 + -1797 + 8 + -1 + 2.
-3
10 + 1 + -8 + 7 + -1
9
What is (-8 - (-11 + -2)) + -5?
0
Evaluate 0 + -9 + 12 + -19 + -2.
-18
What is the value of (12 - 6) + -2 + (1 - (-3 + 1))?
7
What is (17 - -1) + 10 + -8?
20
Evaluate (3 + 3 - (7 - (2 - -4))) + -18.
-13
(-1 - -5 - (-8 + 4 - -9)) + -2
-3
What is -6 - (-5 + (-5 - (-22 - -8)))?
-10
Calculate (3 + (-13 - 0) - -19) + 1 + -1.
9
What is -5 + -7 + 11 + (13 - 6 - -9)?
15
Calculate (3 - 13 - -4) + (9 - (5 + 4)).
-6
What is the value of 0 - ((4 - (1 + 14)) + 3)?
8
Evaluate 2 + 10 - (208 + -195).
-1
-796 + 837 - (-1 + (-2 - -12))
32
What is -10 + ((15 - 3) + -7 - -1) + 10?
6
-9 - (20 + 1 - (-35 - -28 - -17))
-20
9 + (-4 + -13 - -13)
5
Evaluate (-1 - -1 - (122 - 132)) + -8.
2
(-10 - (-20 + 11)) + -3
-4
Calculate 22 + -28 + (2 - -2) + -3.
-5
What is 71 + -91 - (-1 + (2 - 2))?
-19
-18 + -21 + (7 - 8) + 13
-27
(-14 - -1) + (-36 - -45 - 2)
-6
Evaluate -1 - -7 - (25 + -22 + 18).
-15
Evaluate (-66 + 25 - (2 - -3)) + 14.
-32
-3 + (6 - ((8 - 10 - 7) + 3))
9
Evaluate -119 - -118 - (-2 - ((0 - 15) + 1)).
-13
Calculate -79 + (7 - -38) + 9 + 0.
-25
What is 10 + 0 + -1 + (-48 - (-33 + 17))?
-23
-10 - -8 - -12 - 14
-4
Calculate -13 - (-8 + (12 - 18)).
1
0 + (-8 - (2 - 19))
9
102 - 109 - (-5 + -2 + 0)
0
Calculate 4 + -7 + -15 + 44.
26
(-4 - (12 + 3)) + 4 + 1
-14
Calculate 5 + -9 - (12 + -8).
-8
-25 + 72 + -48 + (1 - -19)
19
What is (8 - (1 - 6)) + (-6 - -9)?
16
What is the value of (8 - 12) + (20 - 8)?
8
What is the value of (33 - 16) + -14 + -7?
-4
What is the value of (4 - 16) + 6 - -5?
-1
What is 8 - (10 + -10 + 10)?
-2
Calculate -5 - (-41 - -13) - (-20 + 13).
30
Evaluate (12 - 5) + 3 + -10.
0
59 + -60 + 2 + (3 - -1)
5
-4 + 7 - (-23 - -8)
18
-1 - (-2 - (0 + -4 + -2) - -1)
-6
Calculate 11 - (15 - -10 - 5) - (8 - -1).
-18
-7 - (-4 + 9 - (-1 + 19))
6
Evaluate -16 + (-21 - (-10 - 4)).
-23
Evaluate (-2455 - -2468) + (0 - -4).
17
What is 13 + (20 - 7) + -26?
0
Evaluate -28 - (-24 + -15 + -15).
26
What is -17 + -6 - (-5 - 5)?
-13
What is -1201 - -1181 - (-37 + 0)?
17
(21 - (-2 + -1)) + -441 + 444
27
What is the value of (-21 - 0) + (1422 - 1435)?
-34
Evaluate -6 + (9 - -2) + 1 - (4 - 1).
3
What is 10 + -23 + 2 + (9 - 6)?
-8
Evaluate (5 - 11 - 7) + -13 + 58.
32
-20 + -9 + (36 - 15) + (4 - 1)
-5
Calculate -124 + 119 + (-2 - -15).
8
What is the value of 6 + 7 - 10 - (-2 - (9 - 1))?
13
(2 - 14) + 1 + -53 + 53
-11
-4 - 6 - -8 - 17
-19
What is the value of (18 - (-4 + 3)) + (23 - 9)?
33
Calculate 16 - -2 - (-12 + 11).
19
Calculate -11 + (13 - (-38 + 36)).
4
What is 13 + (-34 - 1) + 17?
-5
What is the value of -24 + 5 + -31 + (25 - -28)?
3
What is the value of 0 + -9 + 14 + -11 + 9 + -9?
-6
-18 + -12 + 17 - -18
5
What is (66 - 64) + -1 + -1 + -14 + 1?
-13
-27 + 33 + -30 + 56
32
12 + (12 + -41 - -3)
-14
What is -207 + 200 + (2 - 1)?
-6
Evaluate (-5 - -26) + -21 + (-3 - -13) - 27.
-17
Calculate 10 - (1 - 3) - (-19 - -23).
8
-17 + (-11 - -19 - -17) - 9
-1
What is -35 + 25 + 18 + -28?
-20
0 + 0 - -8 - (-527 + 523)
12
Calculate -1 + 12 + (7 - 2) - 48.
-32
What is the value of -15 + -22 + 11 + -4 + 4?
-26
What is the value of (2 - (7 + 8)) + (7 - (5 - 3))?
-8
Evaluate (16 - -2) + -10 - (-6 - 8).
22
What is the value of (-1 - 15) + (-66 - -53) + 13?
-16
4 + -1 + (-12 - -4 - 3 - -4)
-4
What is the value of -1 + -3 - (-21 + 23)?
-6
Evaluate -4 + 9 - (0 - -5) - (-14 - -1).
13
Calculate (-6 - -9) + 13 + 7 + -1.
22
What is the value of 28 + -3 + -36 + -19?
-30
Calculate (-29 + 12 - -22) + (7 + -1 - -2).
13
Calculate 25 - (4 - (-4 - 1)).
16
What is the value of -23 + 1 + 18 + -3?
-7
What is the value of (2 - -26) + -7 + (-11 - -1) + 1?
12
What is -12 + 31 + -21 + 9?
7
Calculate -8 + 15 + (12 - 27 - 0).
-8
What is the value of 8 - ((-18 - -16) + 3)?
7
Evaluate -13 + 6 + -1 - (15 + -7).
-16
22 + (-30 - (-46 - -67))
-29
Calculate 115 + -123 - (6 - 2).
-12
What is the value of 0 + (-1 + -1 - (-69 + 76) - -7)?
-2
Evaluate -24 - 6 - (42 + -45).
-27
What is the value of 10 + -3 - 8 - -4 - 18?
-15
Calculate 6 - 6 - (-7 - 7).
14
Calculate (-1 - -5) + (1 - 2) + -4 + -6.
-7
What is the value of 2 + (13 - 36) + 0 + 2?
-19
Evaluate -22 + 6 - (-184 - -176).
-8
Calculate 2 - (-6 - (-4 - 1 - -10)).
13
Evaluate 3 - (-5 + 2 - (-4 + 4 + -1)).
5
What is the value of -10 - (-36 + (-1 - -27))?
0
What is the value of -5 + (4 - -3 - 11) + 3?
-6
What is 20 - -6 - (5 - -32)?
-11
Calculate 0 + (-2 - -1) + (28 - 26 - 12).
-11
6 + -5 + -3 + 7 + -4
1
Evaluate (-8 - 0) + -31 + 36 + 10.
7
Evaluate -3 + (9 - 2 - (-5 + 5)).
4
Evaluate -30 + 5 - -39 - 2.
12
What is -1 + -1 + 2 + 11 + 3 + 0?
14
What is (91 - 100) + ((3 - 3) + 1 - 0)?
-8
What is the value of -4 - (-2 + 7) - (3 + -20)?
8
Calculate (6 - 1) + 4 + -7.
2
Evaluate -1 - 8 - (-1 + 16 + -15).
-9
(2 - 0) + -9 + 26 + -30 + 7
-4
What is 0 + 3 + 3 - 6 - -1 - -1?
2
Evaluate (-30 + 5 - -1) + 19.
-5
What is (-1 - -11) + (1 - 18) + (72 - 76)?
-11
Calculate -6 + -4 + (18 - 10) - 9.
-11
Calculate 1 + -4 - -4 - (-58 - -49).
10
What is -7 + (-3 - -9) + 9 + -13?
-5
What is (36 - 18) + -45 - 14?
-41
Evaluate 0 + 1 + -6 - (-240 + 166 - -63).
6
Calculate -3 - -22 - (44 + -7).
-18
-10 - (5 - (-2 - -1) - (1 - -44))
29
What is the value of -4 + -12 + 26 + (-1 - 11) + 4?
2
What is 0 - 0 - 9 - (-59 + (-14 - -69))?
-5
Calculate 7 + 7 + (-6 - 0) + 3.
11
Evaluate 0 + -37 - (-68 - (-15 - 38)).
-22
What is -139 + 132 - (-6 - -1)?
-2
Calculate -2 + -15 + 9 - -8.
0
Calculate 20 + 0 - (18 + (-52 - -29)) - 7.
18
Evaluate (-2 - -51) + -20 + -16.
13
12 - -3 - (-43 + 51)
7
What is 17 + -4 + -22 + -5?
-14
4 + (1 - -2 - -3)
10
What is the value of 15 + (-1 - -1 - (70 - 61))?
6
What is 4 + (-20 - (-7 - 18))?
9
Calculate 6 + -3 + (4 + -8 - -3).
2
Calculate -8 + 1 - (-34 - -14 - -21).
-8
Evaluate (32 - (27 + -12)) + 3 + 0.
20
(-2 - -11 - 12) + 12 + -22 + -6
-19
What is (1 - -2) + (93 - 112)?
-16
What is -16 + -1 + 1 + (-53 + 42 - -15)?
-12
7 + 32 - (4 + -3)
38
What is 0 - 29 - (-29 - -23)?
-23
(2 + 8 + -6 - (1 + 4)) + -1
-2
Evaluate -50 + (36 - 15) + 0 + 2.
-27
What is the value of -2 + (5 - 5) - -5 - (-1 - -18)?
-14
Calculate 13 + -55 + 40 - (9 + 1).
-12
What is -12 - (-2 - 18) - (0 - 7)?
15
Calculate (-35 - -16 - -2 - -12) + -7.
-12
Calculate -2 - ((5 - 1) + 4 - 1).
-9
What is the value of 38 - (20 + 41 - 8)?
-15
What is -12 + (5 - -6) + -3?
-4
Calculate 4 - 7 - 9 - -5 - (4 - 0).
-11
Calculate -1 + 0 + (-33 - (-53 - -20)).
-1
-3 - (-1 - 1) - (43 - 32)
-12
Evaluate 14 + -5 + 10 + -26.
-7
What is (-1 - (-7 + (3 - 6 - -9))) + -2?
-2
Evaluate 12 - 12 - (0 - (6 - -2)).
8
23 - (18 + -8) - 11
2
Calculate -11 + (23 - (0 + -3)).
15
Evaluate (0 - -10) + -6 - 3.
1